{"id":23,"date":"2025-08-21T09:40:39","date_gmt":"2025-08-21T09:40:39","guid":{"rendered":"http:\/\/projetv.cluster021.hosting.ovh.net\/?page_id=23"},"modified":"2026-01-02T09:54:48","modified_gmt":"2026-01-02T09:54:48","slug":"projets","status":"publish","type":"page","link":"https:\/\/projetkellynoide.fr\/index.php\/projets\/","title":{"rendered":"Projets"},"content":{"rendered":"\n<p>Le projet Kellyno\u00efde est un projet artistique men\u00e9 en collaboration avec l\u2019artiste performeuse et mod\u00e8le Kelly Mezino (<a href=\"https:\/\/lakyrielle.fr\/la-compagnie\/\">https:\/\/lakyrielle.fr\/la-compagnie\/<\/a>), qui me sert de mod\u00e8le depuis 2016. Depuis 2022, nous avons d\u00e9cid\u00e9 de travailler ensemble pour explorer et \u00e9tudier en profondeur les liens qui unissent l\u2019artiste et le mod\u00e8le \u00e0 l\u2019\u00e8re num\u00e9rique. Nous sommes \u00e9galement int\u00e9ress\u00e9s par la fa\u00e7on dont l\u2019artiste num\u00e9rique fait face \u00e0 sa cr\u00e9ation et comment le mod\u00e8le doit g\u00e9rer l\u2019existence de son double virtuel qui s\u2019autonomise.<\/p>\n\n\n\n<figure class=\"wp-block-image\"><img decoding=\"async\" src=\"https:\/\/cplessiet.fr\/wp-content\/uploads\/2023\/05\/334228764_3376855529235221_1615314002636776667_n-763x1024.jpg\" alt=\"\" class=\"wp-image-305\"\/><\/figure>\n\n\n\n<p>Lorsque nous avons commenc\u00e9 notre collaboration, nous avions une approche assez traditionnelle de portraitiste. Cependant, avec le temps, nous avons fait \u00e9voluer notre travail vers une v\u00e9ritable cocr\u00e9ation. Nous explorons ensemble la cr\u00e9ation d\u2019un double-autre autonome de Kelly Mezino, que nous mettons en sc\u00e8ne dans nos cr\u00e9ations artistiques. Nous avons ainsi d\u00e9velopp\u00e9 une vision nouvelle et originale de la cr\u00e9ation artistique qui met en avant la collaboration entre l\u2019artiste num\u00e9rique l\u2019artiste\/mod\u00e8le et le double autre virtuel dans un nouveau triangle cr\u00e9atif contribuant ainsi \u00e0 la compr\u00e9hension de la fa\u00e7on dont les nouvelles technologies changent l\u2019art et la relation entre l\u2019artiste et le mod\u00e8le.<\/p>\n\n\n\n<figure class=\"wp-block-image\"><img decoding=\"async\" src=\"https:\/\/cplessiet.fr\/wp-content\/uploads\/2023\/05\/333737586_148218851420691_844243485080162776_n.png\" alt=\"\" class=\"wp-image-306\"\/><\/figure>\n\n\n\n<p>Kelly conf\u00e9renci\u00e9re a \u00e9t\u00e9 la premi\u00e9re presentation publique de la Kellyno\u00efde durant le colloque Valeurs de l\u2019empreinte\u00a0en 2023 \u00e0 Lyon<\/p>\n\n\n\n<figure class=\"wp-block-embed is-type-video is-provider-youtube wp-block-embed-youtube wp-embed-aspect-16-9 wp-has-aspect-ratio\"><div class=\"wp-block-embed__wrapper\">\n<iframe loading=\"lazy\" title=\"Projet Symbiotek Volet perspective\" width=\"880\" height=\"495\" src=\"https:\/\/www.youtube.com\/embed\/EisHQOh5MH8?feature=oembed\" frameborder=\"0\" allow=\"accelerometer; autoplay; clipboard-write; encrypted-media; gyroscope; picture-in-picture; web-share\" referrerpolicy=\"strict-origin-when-cross-origin\" allowfullscreen><\/iframe>\n<\/div><\/figure>\n\n\n\n<p><a href=\"https:\/\/cplessiet.fr\/creation\/line\/\">Line <\/a>est notre premi\u00e8re \u0153uvre commune utilisant la Kellyno\u00efde et a \u00e9t\u00e9 pr\u00e9sent\u00e9 au festival Recto\/verso 2023 durant le salon laval virtual<\/p>\n\n\n\n<p><\/p>\n","protected":false},"excerpt":{"rendered":"<p>Le projet Kellyno\u00efde est un projet artistique men\u00e9 en collaboration avec l\u2019artiste performeuse et mod\u00e8le Kelly Mezino (https:\/\/lakyrielle.fr\/la-compagnie\/), qui me<\/p>\n<p><a href=\"https:\/\/projetkellynoide.fr\/index.php\/projets\/\" class=\"more-link\">Continue reading<span class=\"screen-reader-text\">Projets<\/span><\/a><\/p>\n","protected":false},"author":1,"featured_media":0,"parent":0,"menu_order":2,"comment_status":"closed","ping_status":"closed","template":"","meta":{"footnotes":""},"class_list":["post-23","page","type-page","status-publish","hentry"],"_links":{"self":[{"href":"https:\/\/projetkellynoide.fr\/index.php\/wp-json\/wp\/v2\/pages\/23","targetHints":{"allow":["GET"]}}],"collection":[{"href":"https:\/\/projetkellynoide.fr\/index.php\/wp-json\/wp\/v2\/pages"}],"about":[{"href":"https:\/\/projetkellynoide.fr\/index.php\/wp-json\/wp\/v2\/types\/page"}],"author":[{"embeddable":true,"href":"https:\/\/projetkellynoide.fr\/index.php\/wp-json\/wp\/v2\/users\/1"}],"replies":[{"embeddable":true,"href":"https:\/\/projetkellynoide.fr\/index.php\/wp-json\/wp\/v2\/comments?post=23"}],"version-history":[{"count":3,"href":"https:\/\/projetkellynoide.fr\/index.php\/wp-json\/wp\/v2\/pages\/23\/revisions"}],"predecessor-version":[{"id":379,"href":"https:\/\/projetkellynoide.fr\/index.php\/wp-json\/wp\/v2\/pages\/23\/revisions\/379"}],"wp:attachment":[{"href":"https:\/\/projetkellynoide.fr\/index.php\/wp-json\/wp\/v2\/media?parent=23"}],"curies":[{"name":"wp","href":"https:\/\/api.w.org\/{rel}","templated":true}]}}

<p>Le projet Kellynoïde est un projet artistique mené en collaboration avec l’artiste performeuse et modèle Kelly Mezino (<a href="https://lakyrielle.fr/la-compagnie/">https://lakyrielle.fr/la-compagnie/</a>), qui me sert de modèle depuis 2016. Depuis 2022, nous avons décidé de travailler ensemble pour explorer et étudier en profondeur les liens qui unissent l’artiste et le modèle à l’ère numérique. Nous sommes également intéressés par la façon dont l’artiste numérique fait face à sa création et comment le modèle doit gérer l’existence de son double virtuel qui s’autonomise.</p>



<figure class="wp-block-image"><img decoding="async" src="https://cplessiet.fr/wp-content/uploads/2023/05/334228764_3376855529235221_1615314002636776667_n-763x1024.jpg" alt="" class="wp-image-305"/></figure>



<p>Lorsque nous avons commencé notre collaboration, nous avions une approche assez traditionnelle de portraitiste. Cependant, avec le temps, nous avons fait évoluer notre travail vers une véritable cocréation. Nous explorons ensemble la création d’un double-autre autonome de Kelly Mezino, que nous mettons en scène dans nos créations artistiques. Nous avons ainsi développé une vision nouvelle et originale de la création artistique qui met en avant la collaboration entre l’artiste numérique l’artiste/modèle et le double autre virtuel dans un nouveau triangle créatif contribuant ainsi à la compréhension de la façon dont les nouvelles technologies changent l’art et la relation entre l’artiste et le modèle.</p>



<figure class="wp-block-image"><img decoding="async" src="https://cplessiet.fr/wp-content/uploads/2023/05/333737586_148218851420691_844243485080162776_n.png" alt="" class="wp-image-306"/></figure>



<p>Kelly conférenciére a été la premiére presentation publique de la Kellynoïde durant le colloque Valeurs de l’empreinte en 2023 à Lyon</p>



<figure class="wp-block-embed is-type-video is-provider-youtube wp-block-embed-youtube wp-embed-aspect-16-9 wp-has-aspect-ratio"><div class="wp-block-embed__wrapper">
<iframe loading="lazy" title="Projet Symbiotek Volet perspective" width="880" height="495" src="https://www.youtube.com/embed/EisHQOh5MH8?feature=oembed" frameborder="0" allow="accelerometer; autoplay; clipboard-write; encrypted-media; gyroscope; picture-in-picture; web-share" referrerpolicy="strict-origin-when-cross-origin" allowfullscreen></iframe>
</div></figure>



<p><a href="https://cplessiet.fr/creation/line/">Line </a>est notre première œuvre commune utilisant la Kellynoïde et a été présenté au festival Recto/verso 2023 durant le salon laval virtual</p>



<p></p>

<p>Le projet Kellynoïde est un projet artistique mené en collaboration avec l’artiste performeuse et modèle Kelly Mezino (https://lakyrielle.fr/la-compagnie/), qui me</p>
<p><a href="https://projetkellynoide.fr/index.php/projets/" class="more-link">Continue reading<span class="screen-reader-text">Projets</span></a></p>
