{"id":123,"date":"2025-08-21T12:10:51","date_gmt":"2025-08-21T12:10:51","guid":{"rendered":"http:\/\/projetv.cluster021.hosting.ovh.net\/?page_id=123"},"modified":"2025-09-05T11:57:02","modified_gmt":"2025-09-05T11:57:02","slug":"creations","status":"publish","type":"page","link":"https:\/\/projetkellynoide.fr\/index.php\/creations\/","title":{"rendered":"Cr\u00e9ations"},"content":{"rendered":"\n<p>C\u00e9dric Plessiet travaille depuis de nombreuses ann\u00e9es \u00e0 la conception d\u2019outils et \u00e0 la mod\u00e9lisation num\u00e9rique, plasticien et concepteur, sa technique devient une fa\u00e7on de mat\u00e9rialiser une vision po\u00e9tique de la r\u00e9alit\u00e9. Loin d\u2019une dualit\u00e9 technique\/esth\u00e9tique, les \u0153uvres utilisent tous les apports. Ses inspirations surr\u00e9alistes et pr\u00e9rapha\u00e9lites permettent de cr\u00e9er un univers onirique, parfois sombre, qui refl\u00e8te des sensations, \u00e9motions ou impressions. Les \u0153uvres r\u00e9alis\u00e9es avec la Kellynoide lui ont permis de d\u00e9velopper par exemple la transcription d\u2019apparence, la simulation biom\u00e9canique, les expressions faciales, la sc\u00e9narisation, etc.<\/p>\n\n\n\n<p>Dans une logique de co-cr\u00e9ation, les apports de l\u2019artiste-mod\u00e8le Kelly M\u00e9zino sont multiples&nbsp;; les \u00e9changes \u00e9tant toujours fluidifi\u00e9s par des propositions d\u2019images, de sentiments \u00e0 exprimer, et une communication constante.<\/p>\n\n\n\n<figure class=\"wp-block-gallery has-nested-images columns-default is-cropped wp-block-gallery-1 is-layout-flex wp-block-gallery-is-layout-flex\">\n<figure class=\"wp-block-image size-large\"><img loading=\"lazy\" decoding=\"async\" width=\"583\" height=\"799\" data-id=\"64\" src=\"http:\/\/projetv.cluster021.hosting.ovh.net\/wp-content\/uploads\/2025\/08\/333737586_148218851420691_844243485080162776_n.png\" alt=\"\" class=\"wp-image-64\" srcset=\"https:\/\/projetkellynoide.fr\/wp-content\/uploads\/2025\/08\/333737586_148218851420691_844243485080162776_n.png 583w, https:\/\/projetkellynoide.fr\/wp-content\/uploads\/2025\/08\/333737586_148218851420691_844243485080162776_n-219x300.png 219w\" sizes=\"auto, (max-width: 583px) 100vw, 583px\" \/><figcaption class=\"wp-element-caption\">Kelly conferenci\u00e8re<\/figcaption><\/figure>\n\n\n\n<figure class=\"wp-block-image size-large\"><img loading=\"lazy\" decoding=\"async\" width=\"1024\" height=\"576\" data-id=\"46\" src=\"http:\/\/projetv.cluster021.hosting.ovh.net\/wp-content\/uploads\/2025\/08\/5-1024x576.png\" alt=\"\" class=\"wp-image-46\" srcset=\"https:\/\/projetkellynoide.fr\/wp-content\/uploads\/2025\/08\/5-1024x576.png 1024w, https:\/\/projetkellynoide.fr\/wp-content\/uploads\/2025\/08\/5-600x338.png 600w, https:\/\/projetkellynoide.fr\/wp-content\/uploads\/2025\/08\/5-300x169.png 300w, https:\/\/projetkellynoide.fr\/wp-content\/uploads\/2025\/08\/5-768x432.png 768w, https:\/\/projetkellynoide.fr\/wp-content\/uploads\/2025\/08\/5-1536x864.png 1536w, https:\/\/projetkellynoide.fr\/wp-content\/uploads\/2025\/08\/5.png 1920w\" sizes=\"auto, (max-width: 1024px) 100vw, 1024px\" \/><\/figure>\n\n\n\n<figure class=\"wp-block-image size-large\"><img loading=\"lazy\" decoding=\"async\" width=\"1024\" height=\"576\" data-id=\"54\" src=\"http:\/\/projetv.cluster021.hosting.ovh.net\/wp-content\/uploads\/2025\/08\/12-1024x576.png\" alt=\"\" class=\"wp-image-54\" srcset=\"https:\/\/projetkellynoide.fr\/wp-content\/uploads\/2025\/08\/12-1024x576.png 1024w, https:\/\/projetkellynoide.fr\/wp-content\/uploads\/2025\/08\/12-600x338.png 600w, https:\/\/projetkellynoide.fr\/wp-content\/uploads\/2025\/08\/12-300x169.png 300w, https:\/\/projetkellynoide.fr\/wp-content\/uploads\/2025\/08\/12-768x432.png 768w, https:\/\/projetkellynoide.fr\/wp-content\/uploads\/2025\/08\/12-1536x864.png 1536w, https:\/\/projetkellynoide.fr\/wp-content\/uploads\/2025\/08\/12.png 1920w\" sizes=\"auto, (max-width: 1024px) 100vw, 1024px\" \/><\/figure>\n<\/figure>\n\n\n\n<p>La Kellynoide regroupe ainsi deux sensibilit\u00e9s et deux fa\u00e7ons de \u00ab&nbsp;faire image&nbsp;\u00bb, de&nbsp;\u00ab&nbsp;faire \u0153uvre&nbsp;\u00bb; le \u00ab&nbsp;corps-oeuvre&nbsp;\u00bb ici, selon la notion entendue par les deux artistes, permet donc d\u2019explorer une expressivit\u00e9 autre, une combinaison entre rendu\/esth\u00e9tisation et \u00e9vocations, mettant en valeur les principes d\u2019intime et d\u2019extime. Pour Kelly M\u00e9zino, plus habitu\u00e9e aux arts du spectacle vivant, le rapport \u00e0 la r\u00e9ception du public est une part comptant dans le processus.<\/p>\n","protected":false},"excerpt":{"rendered":"<p>C\u00e9dric Plessiet travaille depuis de nombreuses ann\u00e9es \u00e0 la conception d\u2019outils et \u00e0 la mod\u00e9lisation num\u00e9rique, plasticien et concepteur, sa<\/p>\n<p><a href=\"https:\/\/projetkellynoide.fr\/index.php\/creations\/\" class=\"more-link\">Continue reading<span class=\"screen-reader-text\">Cr\u00e9ations<\/span><\/a><\/p>\n","protected":false},"author":1,"featured_media":0,"parent":0,"menu_order":3,"comment_status":"closed","ping_status":"closed","template":"","meta":{"footnotes":""},"class_list":["post-123","page","type-page","status-publish","hentry"],"_links":{"self":[{"href":"https:\/\/projetkellynoide.fr\/index.php\/wp-json\/wp\/v2\/pages\/123","targetHints":{"allow":["GET"]}}],"collection":[{"href":"https:\/\/projetkellynoide.fr\/index.php\/wp-json\/wp\/v2\/pages"}],"about":[{"href":"https:\/\/projetkellynoide.fr\/index.php\/wp-json\/wp\/v2\/types\/page"}],"author":[{"embeddable":true,"href":"https:\/\/projetkellynoide.fr\/index.php\/wp-json\/wp\/v2\/users\/1"}],"replies":[{"embeddable":true,"href":"https:\/\/projetkellynoide.fr\/index.php\/wp-json\/wp\/v2\/comments?post=123"}],"version-history":[{"count":5,"href":"https:\/\/projetkellynoide.fr\/index.php\/wp-json\/wp\/v2\/pages\/123\/revisions"}],"predecessor-version":[{"id":269,"href":"https:\/\/projetkellynoide.fr\/index.php\/wp-json\/wp\/v2\/pages\/123\/revisions\/269"}],"wp:attachment":[{"href":"https:\/\/projetkellynoide.fr\/index.php\/wp-json\/wp\/v2\/media?parent=123"}],"curies":[{"name":"wp","href":"https:\/\/api.w.org\/{rel}","templated":true}]}}

Créations

<p>Cédric Plessiet travaille depuis de nombreuses années à la conception d’outils et à la modélisation numérique, plasticien et concepteur, sa technique devient une façon de matérialiser une vision poétique de la réalité. Loin d’une dualité technique/esthétique, les œuvres utilisent tous les apports. Ses inspirations surréalistes et préraphaélites permettent de créer un univers onirique, parfois sombre, qui reflète des sensations, émotions ou impressions. Les œuvres réalisées avec la Kellynoide lui ont permis de développer par exemple la transcription d’apparence, la simulation biomécanique, les expressions faciales, la scénarisation, etc.</p>



<p>Dans une logique de co-création, les apports de l’artiste-modèle Kelly Mézino sont multiples&nbsp;; les échanges étant toujours fluidifiés par des propositions d’images, de sentiments à exprimer, et une communication constante.</p>



<figure class="wp-block-gallery has-nested-images columns-default is-cropped wp-block-gallery-1 is-layout-flex wp-block-gallery-is-layout-flex">
<figure class="wp-block-image size-large"><img loading="lazy" decoding="async" width="583" height="799" data-id="64" src="http://projetv.cluster021.hosting.ovh.net/wp-content/uploads/2025/08/333737586_148218851420691_844243485080162776_n.png" alt="" class="wp-image-64" srcset="https://projetkellynoide.fr/wp-content/uploads/2025/08/333737586_148218851420691_844243485080162776_n.png 583w, https://projetkellynoide.fr/wp-content/uploads/2025/08/333737586_148218851420691_844243485080162776_n-219x300.png 219w" sizes="auto, (max-width: 583px) 100vw, 583px" /><figcaption class="wp-element-caption">Kelly conferencière</figcaption></figure>



<figure class="wp-block-image size-large"><img loading="lazy" decoding="async" width="1024" height="576" data-id="46" src="http://projetv.cluster021.hosting.ovh.net/wp-content/uploads/2025/08/5-1024x576.png" alt="" class="wp-image-46" srcset="https://projetkellynoide.fr/wp-content/uploads/2025/08/5-1024x576.png 1024w, https://projetkellynoide.fr/wp-content/uploads/2025/08/5-600x338.png 600w, https://projetkellynoide.fr/wp-content/uploads/2025/08/5-300x169.png 300w, https://projetkellynoide.fr/wp-content/uploads/2025/08/5-768x432.png 768w, https://projetkellynoide.fr/wp-content/uploads/2025/08/5-1536x864.png 1536w, https://projetkellynoide.fr/wp-content/uploads/2025/08/5.png 1920w" sizes="auto, (max-width: 1024px) 100vw, 1024px" /></figure>



<figure class="wp-block-image size-large"><img loading="lazy" decoding="async" width="1024" height="576" data-id="54" src="http://projetv.cluster021.hosting.ovh.net/wp-content/uploads/2025/08/12-1024x576.png" alt="" class="wp-image-54" srcset="https://projetkellynoide.fr/wp-content/uploads/2025/08/12-1024x576.png 1024w, https://projetkellynoide.fr/wp-content/uploads/2025/08/12-600x338.png 600w, https://projetkellynoide.fr/wp-content/uploads/2025/08/12-300x169.png 300w, https://projetkellynoide.fr/wp-content/uploads/2025/08/12-768x432.png 768w, https://projetkellynoide.fr/wp-content/uploads/2025/08/12-1536x864.png 1536w, https://projetkellynoide.fr/wp-content/uploads/2025/08/12.png 1920w" sizes="auto, (max-width: 1024px) 100vw, 1024px" /></figure>
</figure>



<p>La Kellynoide regroupe ainsi deux sensibilités et deux façons de «&nbsp;faire image&nbsp;», de&nbsp;«&nbsp;faire œuvre&nbsp;»; le «&nbsp;corps-oeuvre&nbsp;» ici, selon la notion entendue par les deux artistes, permet donc d’explorer une expressivité autre, une combinaison entre rendu/esthétisation et évocations, mettant en valeur les principes d’intime et d’extime. Pour Kelly Mézino, plus habituée aux arts du spectacle vivant, le rapport à la réception du public est une part comptant dans le processus.</p>

<p>Cédric Plessiet travaille depuis de nombreuses années à la conception d’outils et à la modélisation numérique, plasticien et concepteur, sa</p>
<p><a href="https://projetkellynoide.fr/index.php/creations/" class="more-link">Continue reading<span class="screen-reader-text">Créations</span></a></p>
