{"id":261,"date":"2025-09-13T13:53:52","date_gmt":"2025-09-13T13:53:52","guid":{"rendered":"http:\/\/projetkellynoide.fr\/?page_id=261"},"modified":"2025-09-13T13:53:53","modified_gmt":"2025-09-13T13:53:53","slug":"informatique-graphique-et-double-autre","status":"publish","type":"page","link":"http:\/\/projetkellynoide.fr\/index.php\/recherche\/informatique-graphique-et-double-autre\/","title":{"rendered":"Informatique graphique et double-autre"},"content":{"rendered":"\n<p>Au c\u0153ur de notre travail en informatique graphique se trouve un principe simple : <strong>toutes les donn\u00e9es viennent du corps, de la voix et de la pr\u00e9sence de Kelly M\u00e9zino<\/strong>. Qu\u2019il s\u2019agisse de scans 3D, de captations de mouvement, d\u2019enregistrements sonores ou de textures, ces mat\u00e9riaux constituent la base de l\u2019ensemble du processus de cr\u00e9ation. Ils ne sont pas de simples ressources techniques, mais des fragments vivants, qui portent avec eux une m\u00e9moire, une identit\u00e9 et une singularit\u00e9.<\/p>\n\n\n\n<p>Pour articuler cette richesse de donn\u00e9es et la transformer en \u0153uvres, nous avons mis en place <strong>taupipeline<\/strong>, notre infrastructure d\u2019automatisation. Taupipeline assure l\u2019organisation, la tra\u00e7abilit\u00e9 et la circulation de ces mat\u00e9riaux : il orchestre les \u00e9tapes de traitement, de rigging, de simulation et de rendu, en garantissant que chaque transformation conserve le lien avec son origine incarn\u00e9e. L\u2019automatisation n\u2019est pas ici une fin en soi, mais une mani\u00e8re de prot\u00e9ger, valoriser et prolonger les donn\u00e9es issues de Kelly.<\/p>\n\n\n\n<p>Ainsi, l\u2019informatique graphique devient une v\u00e9ritable <strong>m\u00e9thodologie de recherche-cr\u00e9ation<\/strong>. En reliant la singularit\u00e9 des donn\u00e9es initiales \u00e0 un syst\u00e8me technique qui en permet la r\u00e9interpr\u00e9tation infinie, nous explorons de nouvelles formes d\u2019alt\u00e9rit\u00e9 et de pr\u00e9sence num\u00e9rique. Taupipeline n\u2019est pas seulement un outil d\u2019efficacit\u00e9, mais un espace de passage entre la m\u00e9moire intime et l\u2019invention artistique, o\u00f9 la figure de la Kellyno\u00efde prend forme et se transforme.<\/p>\n","protected":false},"excerpt":{"rendered":"<p>Au c\u0153ur de notre travail en informatique graphique se trouve un principe simple : toutes les donn\u00e9es viennent du corps,<\/p>\n<p><a href=\"http:\/\/projetkellynoide.fr\/index.php\/recherche\/informatique-graphique-et-double-autre\/\" class=\"more-link\">Continue reading<span class=\"screen-reader-text\">Informatique graphique et double-autre<\/span><\/a><\/p>\n","protected":false},"author":1,"featured_media":0,"parent":224,"menu_order":0,"comment_status":"closed","ping_status":"closed","template":"","meta":{"footnotes":""},"class_list":["post-261","page","type-page","status-publish","hentry"],"_links":{"self":[{"href":"http:\/\/projetkellynoide.fr\/index.php\/wp-json\/wp\/v2\/pages\/261","targetHints":{"allow":["GET"]}}],"collection":[{"href":"http:\/\/projetkellynoide.fr\/index.php\/wp-json\/wp\/v2\/pages"}],"about":[{"href":"http:\/\/projetkellynoide.fr\/index.php\/wp-json\/wp\/v2\/types\/page"}],"author":[{"embeddable":true,"href":"http:\/\/projetkellynoide.fr\/index.php\/wp-json\/wp\/v2\/users\/1"}],"replies":[{"embeddable":true,"href":"http:\/\/projetkellynoide.fr\/index.php\/wp-json\/wp\/v2\/comments?post=261"}],"version-history":[{"count":1,"href":"http:\/\/projetkellynoide.fr\/index.php\/wp-json\/wp\/v2\/pages\/261\/revisions"}],"predecessor-version":[{"id":262,"href":"http:\/\/projetkellynoide.fr\/index.php\/wp-json\/wp\/v2\/pages\/261\/revisions\/262"}],"up":[{"embeddable":true,"href":"http:\/\/projetkellynoide.fr\/index.php\/wp-json\/wp\/v2\/pages\/224"}],"wp:attachment":[{"href":"http:\/\/projetkellynoide.fr\/index.php\/wp-json\/wp\/v2\/media?parent=261"}],"curies":[{"name":"wp","href":"https:\/\/api.w.org\/{rel}","templated":true}]}}